{"version":"1.0","provider_name":"Couriers Go Green","provider_url":"https:\/\/www.green-courier.eu\/","author_name":"tourniss_r8dsokn1","author_url":"https:\/\/www.green-courier.eu\/index.php\/author\/tourniss_r8dsokn1\/","title":"\u00c1llapotelemz\u00e9si jelent\u00e9s - Couriers Go Green","type":"rich","width":600,"height":338,"html":"<blockquote class=\"wp-embedded-content\" data-secret=\"TgGU6Nmovs\"><a href=\"https:\/\/www.green-courier.eu\/index.php\/hu\/current-state-3\/\">\u00c1llapotelemz\u00e9si jelent\u00e9s<\/a><\/blockquote><iframe sandbox=\"allow-scripts\" security=\"restricted\" src=\"https:\/\/www.green-courier.eu\/index.php\/hu\/current-state-3\/embed\/#?secret=TgGU6Nmovs\" width=\"600\" height=\"338\" title=\"&#8220;\u00c1llapotelemz\u00e9si jelent\u00e9s&#8221; &#8212; Couriers Go Green\" data-secret=\"TgGU6Nmovs\" frameborder=\"0\" marginwidth=\"0\" marginheight=\"0\" scrolling=\"no\" class=\"wp-embedded-content\"><\/iframe><script>\n\/*! This file is auto-generated *\/\n!function(d,l){\"use strict\";l.querySelector&&d.addEventListener&&\"undefined\"!=typeof URL&&(d.wp=d.wp||{},d.wp.receiveEmbedMessage||(d.wp.receiveEmbedMessage=function(e){var t=e.data;if((t||t.secret||t.message||t.value)&&!\/[^a-zA-Z0-9]\/.test(t.secret)){for(var s,r,n,a=l.querySelectorAll('iframe[data-secret=\"'+t.secret+'\"]'),o=l.querySelectorAll('blockquote[data-secret=\"'+t.secret+'\"]'),c=new RegExp(\"^https?:$\",\"i\"),i=0;i<o.length;i++)o[i].style.display=\"none\";for(i=0;i<a.length;i++)s=a[i],e.source===s.contentWindow&&(s.removeAttribute(\"style\"),\"height\"===t.message?(1e3<(r=parseInt(t.value,10))?r=1e3:~~r<200&&(r=200),s.height=r):\"link\"===t.message&&(r=new URL(s.getAttribute(\"src\")),n=new URL(t.value),c.test(n.protocol))&&n.host===r.host&&l.activeElement===s&&(d.top.location.href=t.value))}},d.addEventListener(\"message\",d.wp.receiveEmbedMessage,!1),l.addEventListener(\"DOMContentLoaded\",function(){for(var e,t,s=l.querySelectorAll(\"iframe.wp-embedded-content\"),r=0;r<s.length;r++)(t=(e=s[r]).getAttribute(\"data-secret\"))||(t=Math.random().toString(36).substring(2,12),e.src+=\"#?secret=\"+t,e.setAttribute(\"data-secret\",t)),e.contentWindow.postMessage({message:\"ready\",secret:t},\"*\")},!1)))}(window,document);\n\/\/# sourceURL=https:\/\/www.green-courier.eu\/wp-includes\/js\/wp-embed.min.js\n<\/script>\n","description":"\u00c1llapotelemz\u00e9si jelent\u00e9s Az Eur\u00f3pai Uni\u00f3 \u00e1ltal az Erasmus+ program keret\u00e9ben finansz\u00edrozott COURIERS GO GREEN projekt els\u0151 el\u00e9rhet\u0151 eredm\u00e9nye az \u00e1llapotelemz\u00e9sr\u0151l sz\u00f3l\u00f3 \u00e9rt\u00e9kel\u0151 jelent\u00e9s. A jelent\u00e9s \u00e1tfog\u00f3 elemz\u00e9st ny\u00fajt a fut\u00e1r- \u00e9s sz\u00e1ll\u00edtm\u00e1nyoz\u00e1si m\u0171veletek z\u00f6ld \u00e1t\u00e1ll\u00e1s\u00e1r\u00f3l. V\u00e1zolja az EU fenntarthat\u00f3s\u00e1gra vonatkoz\u00f3 szakpolitikai keret\u00e9t, bele\u00e9rtve a fenntarthat\u00f3 mobilit\u00e1sra vonatkoz\u00f3 c\u00e9lkit\u0171z\u00e9seket \u00e9s strat\u00e9gi\u00e1kat, mint amilyen p\u00e9ld\u00e1ul a k\u00f6zleked\u00e9sb\u0151l sz\u00e1rmaz\u00f3 \u00fcvegh\u00e1zhat\u00e1s\u00fa g\u00e1zok kibocs\u00e1t\u00e1s\u00e1nak legal\u00e1bb 90%-os cs\u00f6kkent\u00e9se 2050-ig. A jelent\u00e9s kit\u00e9r tov\u00e1bb\u00e1 az olyan \u00e1llapotelemz\u00e9si m\u00f3dszerekre \u00e9s eszk\u00f6z\u00f6kre, mint a karbonl\u00e1bnyom-sz\u00e1m\u00edt\u00e1s, az \u00e9letciklus-gazd\u00e1lkod\u00e1s, a sz\u00e1ll\u00edt\u00e1s fenntarthat\u00f3 tervez\u00e9se, a z\u00f6ld beszerz\u00e9s, a k\u00f6rnyezetbar\u00e1t csomagol\u00e1s, az energiahat\u00e9kony j\u00e1rm\u0171vek, \u00e9p\u00fcletek \u00e9s berendez\u00e9sek, az automatiz\u00e1lt \u00e9s digit\u00e1lis \u00fczemeltet\u00e9s, a munkav\u00e1llal\u00f3k elk\u00f6telezetts\u00e9ge \u00e9s oktat\u00e1sa, a mag\u00e1n- \u00e9s \u00e1llami szervezetekkel val\u00f3 egy\u00fcttm\u0171k\u00f6d\u00e9s\/h\u00e1l\u00f3zat\u00e9p\u00edt\u00e9s, az el\u00e9rt eredm\u00e9nyek rendszeres nyomon k\u00f6vet\u00e9se \u00e9s jelent\u00e9st\u00e9tele, valamint a min\u0151s\u00edt\u00e9s. A dokumentum r\u00e9szletesen ismerteti a k\u00e9rd\u0151\u00edves felm\u00e9r\u00e9s m\u00f3dszertan\u00e1t \u00e9s eredm\u00e9nyeit, valamint a k\u00fcl\u00f6nb\u00f6z\u0151 \u00e9rdekcsoportok, k\u00f6zt\u00fck a fut\u00e1r-, postai \u00e9s sz\u00e1ll\u00edtm\u00e1nyoz\u00e1si szolg\u00e1ltat\u00f3k, hat\u00f3s\u00e1gok, k\u00f6zleked\u00e9si \u00e9s logisztikai tan\u00e1csad\u00f3k, valamint kutat\u00f3int\u00e9zetek k\u00f6r\u00e9ben v\u00e9gzett interj\u00fak eredm\u00e9nyeit. A jelent\u00e9s hangs\u00falyozza a k\u00f6rnyezetbar\u00e1t politik\u00e1k elfogad\u00e1s\u00e1nak fontoss\u00e1g\u00e1t annak biztos\u00edt\u00e1sa \u00e9rdek\u00e9ben, hogy a fut\u00e1r-, postai \u00e9s sz\u00e1ll\u00edtm\u00e1nyoz\u00e1si szolg\u00e1ltat\u00f3k hat\u00e9konyan \u00e9s fenntarthat\u00f3an m\u0171k\u00f6djenek. Azt is felt\u00e1rja, hogy az \u00e9rintett szerepl\u0151k milyen m\u00e9rt\u00e9kben vannak tiszt\u00e1ban a fenntarthat\u00f3 gyakorlatokra val\u00f3 \u00e1tt\u00e9r\u00e9ssel, \u00e9s milyen m\u00e9rt\u00e9kben vesznek r\u00e9szt abban. A jelent\u00e9s r\u00e1vil\u00e1g\u00edt a \u201ez\u00f6ld\u201d k\u00e9szs\u00e9gek fejleszt\u00e9s\u00e9t c\u00e9lz\u00f3 munkav\u00e1llal\u00f3i k\u00e9pz\u00e9si \u00e9s min\u0151s\u00edt\u00e9si programok fontoss\u00e1g\u00e1ra, valamint ezek hat\u00e1s\u00e1ra a fenntarthat\u00f3 \u00e9s hat\u00e9kony m\u0171k\u00f6d\u00e9sben. A dokumentum emellett \u00e1tfog\u00f3 \u00e1ttekint\u00e9st ny\u00fajt a fenntarthat\u00f3 gyakorlatok jelenlegi helyzet\u00e9r\u0151l a sz\u00e1ll\u00edtm\u00e1nyoz\u00e1si \u00e9s logisztikai \u00e1gazatban, bele\u00e9rtve azt is, hogy a szervezetek milyen m\u00e9rt\u00e9kben vesznek r\u00e9szt a z\u00f6ld \u00e1tmenetet el\u0151mozd\u00edt\u00f3 akci\u00f3kban, kezdem\u00e9nyez\u00e9sekben \u00e9s h\u00e1l\u00f3zatokban. \u00d6sszess\u00e9g\u00e9ben a jelent\u00e9s hasznos t\u00e1mpontot ny\u00fajt a fenntarthat\u00f3 fut\u00e1r- \u00e9s sz\u00e1ll\u00edtm\u00e1nyoz\u00e1si m\u0171veletekre val\u00f3 \u00e1tt\u00e9r\u00e9s kih\u00edv\u00e1sainak \u00e9s lehet\u0151s\u00e9geinek meg\u00e9rt\u00e9s\u00e9hez. A jelent\u00e9s mag\u00e1ban foglalja a szakpolitikai kereteket, az \u00e1llapotelemz\u00e9st, az \u00e9rintett szerepl\u0151k szempontjait \u00e9s a strat\u00e9giai tervez\u00e9st egy z\u00f6ldebb j\u00f6v\u0151 \u00e9rdek\u00e9ben az Eur\u00f3pai Uni\u00f3ban. Tartalom 1. Bevezet\u00e9s 2. A m\u00f3dszerek \u00e9s eszk\u00f6z\u00f6k \u00e1llapotelemz\u00e9se 3. Az uni\u00f3s szakpolitikai keret \u00e1ttekint\u00e9se 4. K\u00e9rd\u0151\u00edves felm\u00e9r\u00e9s \u00e9s interj\u00fak 5. \u00d6sszegz\u0151 megjegyz\u00e9sek 6. F\u0151bb hivatkoz\u00e1sok \u00c1llapotelemz\u00e9si jelent\u00e9s megnyit\u00e1sa vagy \u00c1llapotelemz\u00e9si jelent\u00e9s let\u00f6lt\u00e9se"}

Állapotelemzési jelentés - Couriers Go Green

<blockquote class="wp-embedded-content" data-secret="TgGU6Nmovs"><a href="https://www.green-courier.eu/index.php/hu/current-state-3/">Állapotelemzési jelentés</a></blockquote><iframe sandbox="allow-scripts" security="restricted" src="https://www.green-courier.eu/index.php/hu/current-state-3/embed/#?secret=TgGU6Nmovs" width="600" height="338" title="&#8220;Állapotelemzési jelentés&#8221; &#8212; Couriers Go Green" data-secret="TgGU6Nmovs" frameborder="0" marginwidth="0" marginheight="0" scrolling="no" class="wp-embedded-content"></iframe><script>
/*! This file is auto-generated */
!function(d,l){"use strict";l.querySelector&&d.addEventListener&&"undefined"!=typeof URL&&(d.wp=d.wp||{},d.wp.receiveEmbedMessage||(d.wp.receiveEmbedMessage=function(e){var t=e.data;if((t||t.secret||t.message||t.value)&&!/[^a-zA-Z0-9]/.test(t.secret)){for(var s,r,n,a=l.querySelectorAll('iframe[data-secret="'+t.secret+'"]'),o=l.querySelectorAll('blockquote[data-secret="'+t.secret+'"]'),c=new RegExp("^https?:$","i"),i=0;i<o.length;i++)o[i].style.display="none";for(i=0;i<a.length;i++)s=a[i],e.source===s.contentWindow&&(s.removeAttribute("style"),"height"===t.message?(1e3<(r=parseInt(t.value,10))?r=1e3:~~r<200&&(r=200),s.height=r):"link"===t.message&&(r=new URL(s.getAttribute("src")),n=new URL(t.value),c.test(n.protocol))&&n.host===r.host&&l.activeElement===s&&(d.top.location.href=t.value))}},d.addEventListener("message",d.wp.receiveEmbedMessage,!1),l.addEventListener("DOMContentLoaded",function(){for(var e,t,s=l.querySelectorAll("iframe.wp-embedded-content"),r=0;r<s.length;r++)(t=(e=s[r]).getAttribute("data-secret"))||(t=Math.random().toString(36).substring(2,12),e.src+="#?secret="+t,e.setAttribute("data-secret",t)),e.contentWindow.postMessage({message:"ready",secret:t},"*")},!1)))}(window,document);
//# sourceURL=https://www.green-courier.eu/wp-includes/js/wp-embed.min.js
</script>

Állapotelemzési jelentés Az Európai Unió által az Erasmus+ program keretében finanszírozott COURIERS GO GREEN projekt első elérhető eredménye az állapotelemzésről szóló értékelő jelentés. A jelentés átfogó elemzést nyújt a futár- és szállítmányozási műveletek zöld átállásáról. Vázolja az EU fenntarthatóságra vonatkozó szakpolitikai keretét, beleértve a fenntartható mobilitásra vonatkozó célkitűzéseket és stratégiákat, mint amilyen például a közlekedésből származó üvegházhatású gázok kibocsátásának legalább 90%-os csökkentése 2050-ig. A jelentés kitér továbbá az olyan állapotelemzési módszerekre és eszközökre, mint a karbonlábnyom-számítás, az életciklus-gazdálkodás, a szállítás fenntartható tervezése, a zöld beszerzés, a környezetbarát csomagolás, az energiahatékony járművek, épületek és berendezések, az automatizált és digitális üzemeltetés, a munkavállalók elkötelezettsége és oktatása, a magán- és állami szervezetekkel való együttműködés/hálózatépítés, az elért eredmények rendszeres nyomon követése és jelentéstétele, valamint a minősítés. A dokumentum részletesen ismerteti a kérdőíves felmérés módszertanát és eredményeit, valamint a különböző érdekcsoportok, köztük a futár-, postai és szállítmányozási szolgáltatók, hatóságok, közlekedési és logisztikai tanácsadók, valamint kutatóintézetek körében végzett interjúk eredményeit. A jelentés hangsúlyozza a környezetbarát politikák elfogadásának fontosságát annak biztosítása érdekében, hogy a futár-, postai és szállítmányozási szolgáltatók hatékonyan és fenntarthatóan működjenek. Azt is feltárja, hogy az érintett szereplők milyen mértékben vannak tisztában a fenntartható gyakorlatokra való áttéréssel, és milyen mértékben vesznek részt abban. A jelentés rávilágít a „zöld” készségek fejlesztését célzó munkavállalói képzési és minősítési programok fontosságára, valamint ezek hatására a fenntartható és hatékony működésben. A dokumentum emellett átfogó áttekintést nyújt a fenntartható gyakorlatok jelenlegi helyzetéről a szállítmányozási és logisztikai ágazatban, beleértve azt is, hogy a szervezetek milyen mértékben vesznek részt a zöld átmenetet előmozdító akciókban, kezdeményezésekben és hálózatokban. Összességében a jelentés hasznos támpontot nyújt a fenntartható futár- és szállítmányozási műveletekre való áttérés kihívásainak és lehetőségeinek megértéséhez. A jelentés magában foglalja a szakpolitikai kereteket, az állapotelemzést, az érintett szereplők szempontjait és a stratégiai tervezést egy zöldebb jövő érdekében az Európai Unióban. Tartalom 1. Bevezetés 2. A módszerek és eszközök állapotelemzése 3. Az uniós szakpolitikai keret áttekintése 4. Kérdőíves felmérés és interjúk 5. Összegző megjegyzések 6. Főbb hivatkozások Állapotelemzési jelentés megnyitása vagy Állapotelemzési jelentés letöltése
